of 5593 and 1887.
17
What is the highest common divisor of 1756401 and 9?
3
What is the greatest common factor of 8799 and 198606?
1257
What is the greatest common divisor of 6292280 and 40?
40
Calculate the highest common factor of 14 and 71134.
14
What is the highest common factor of 1342 and 3618703?
671
What is the greatest common divisor of 826 and 28438?
118
What is the greatest common factor of 490857 and 524?
131
What is the highest common factor of 51 and 309723?
51
What is the highest common factor of 285 and 169157?
19
Calculate the highest common factor of 376416 and 1440.
288
What is the highest common factor of 1694 and 14718?
22
What is the highest common factor of 2156 and 1402478?
1078
What is the greatest common factor of 599372 and 58?
58
Calculate the highest common factor of 1615 and 227885.
85
What is the highest common divisor of 864 and 10745568?
864
What is the greatest common factor of 460 and 216?
4
What is the greatest common divisor of 2353 and 52?
13
What is the highest common factor of 1239 and 62223?
21
What is the highest common factor of 5 and 442445?
5
Calculate the greatest common factor of 12945 and 510.
15
Calculate the highest common factor of 1415325 and 1670.
835
What is the greatest common factor of 205 and 7421?
41
Calculate the highest common factor of 40968 and 216.
72
Calculate the greatest common divisor of 644 and 27209.
161
What is the highest common divisor of 221 and 2509?
13
What is the greatest common divisor of 100375 and 34375?
1375
What is the greatest common divisor of 25 and 9260?
5
What is the highest common factor of 38 and 79211?
19
What is the greatest common divisor of 884 and 194548?
68
What is the highest common factor of 559 and 17845?
43
Calculate the greatest common factor of 47450 and 25623.
949
Calculate the highest common factor of 775 and 1054.
31
Calculate the highest common factor of 4236 and 216.
12
What is the greatest common factor of 74200 and 450?
50
What is the greatest common divisor of 1429277 and 387?
43
What is the greatest common factor of 3444 and 6126?
6
What is the greatest common factor of 5792 and 6154?
362
Calculate the highest common factor of 341 and 803.
11
Calculate the greatest common divisor of 4586 and 34.
2
What is the greatest common divisor of 45069 and 1992?
249
Calculate the highest common factor of 1526399 and 147.
49
What is the highest common divisor of 58690 and 530?
10
What is the greatest common divisor of 10222 and 6973?
19
Calculate the highest common divisor of 3384 and 1585592.
376
Calculate the highest common divisor of 7 and 217.
7
What is the highest common factor of 84801 and 46?
23
What is the greatest common factor of 292741 and 83?
83
Calculate the greatest common divisor of 2385 and 37860.
15
Calculate the highest common divisor of 1602 and 945.
9
Calculate the highest common factor of 464 and 4072.
8
What is the highest common divisor of 98736 and 51?
51
What is the greatest common factor of 558 and 25234?
62
What is the highest common divisor of 44678 and 534?
178
What is the highest common factor of 170 and 17160310?
170
Calculate the highest common factor of 28 and 1280657.
7
What is the greatest common factor of 2771 and 1088?
17
What is the highest common divisor of 1144 and 385?
11
What is the highest common factor of 3390460 and 20?
20
What is the highest common factor of 7122 and 534?
6
What is the highest common divisor of 6391 and 136675?
77
What is the greatest common divisor of 297262 and 714?
238
What is the greatest common factor of 51 and 54519?
51
What is the highest common factor of 12 and 519?
3
Calculate the highest common factor of 149 and 3760313.
149
Calculate the highest common factor of 72853 and 895.
179
What is the highest common factor of 927 and 252?
9
Calculate the highest common divisor of 208 and 426088.
104
Calculate the highest common factor of 53746 and 56.
14
Calculate the greatest common divisor of 4572 and 139700.
508
Calculate the greatest common divisor of 319861 and 46.
23
What is the highest common factor of 138402 and 18?
18
Calculate the highest common divisor of 552 and 2796.
12
What is the greatest common factor of 368 and 268594?
46
What is the highest common divisor of 28750 and 2760?
230
Calculate the highest common divisor of 73661 and 357.
119
Calculate the greatest common factor of 133177 and 11.
11
What is the greatest common divisor of 18843 and 1023?
33
What is the highest common factor of 26089 and 7?
7
Calculate the greatest common divisor of 118359 and 18.
9
Calculate the highest common divisor of 180 and 259110.
90
Calculate the highest common divisor of 564417 and 2604.
651
Calculate the highest common factor of 447400 and 2.
2
Calculate the greatest common divisor of 16 and 4346136.
8
Calculate the greatest common divisor of 3763 and 923.
71
What is the greatest common divisor of 58784 and 1?
1
Calculate the greatest common factor of 5456 and 76725.
341
What is the highest common factor of 8000 and 12625?
125
Calculate the greatest common divisor of 833 and 5635.
49
What is the highest common factor of 97425 and 900?
225
What is the highest common factor of 4018488 and 192?
24
Calculate the greatest common divisor of 1191 and 47243.
397
What is the greatest common divisor of 294309 and 424?
53
What is the highest common divisor of 66 and 1744083?
33
What is the greatest common divisor of 651 and 1054?
31
Calculate the highest common divisor of 172 and 306461.
43
Calculate the highest common factor of 662728 and 680.
136
Calculate the highest common factor of 56 and 20027.
7
Calculate the greatest common divisor of 46365 and 1815.
165
What is the highest common divisor of 12 and 11148?
12
What is the greatest common divisor of 1804 and 217382?
902
Calculate the greatest common divisor of 60551 and 604.
151
Calculate the greatest common factor of 12 and 1680528.
12
What is the highest common factor of 5866584 and 464?
232
What is the highest common factor of 1905 and 14745?
15
What is the greatest common factor of 17352 and 19728?
72
Calculate the highest common divisor of 60 and 550650.
30
Calculate the highest common factor of 135265 and 25.
5
Calculate the highest common divisor of 30396 and 153.
51
Calculate the highest common divisor of 94021 and 1169.
167
Calculate the greatest common divisor of 994 and 3402.
14
Calculate the highest common divisor of 9469 and 51.
17
What is the greatest common factor of 35301 and 15?
3
What is the highest common factor of 11505 and 1170?
195
What is the greatest common factor of 8 and 1584736?
8
Calculate the highest common divisor of 1846565 and 245.
245
What is the greatest common factor of 930 and 10704?
6
What is the highest common divisor of 170 and 154?
2
What is the greatest common divisor of 1422 and 790?
158
Calculate the highest common divisor of 285 and 89034.
57
What is the highest common divisor of 8193521 and 1141?
1141
What is the highest common divisor of 295 and 2735?
5
Calculate the greatest common factor of 120 and 572784.
24
Calculate the greatest common divisor of 8671 and 1186419.
377
Calculate the greatest common divisor of 94 and 234154.
94
What is the greatest common factor of 91395 and 30?
15
Calculate the highest common divisor of 31705 and 595.
85
Calculate the highest common divisor of 15246 and 16506.
126
Calculate the highest common factor of 29963 and 12533.
83
Calculate the greatest common divisor of 8321 and 53.
53
What is the greatest common divisor of 183 and 1164?
3
Calculate the highest common factor of 1561312 and 97.
97
Calculate the highest common factor of 490654 and 578.
34
What is the highest common factor of 11950 and 1850?
50
Calculate the highest common divisor of 137 and 406616.
137
What is the highest common factor of 40 and 74192?
8
What is the highest common factor of 84 and 374892?
84
What is the highest common factor of 763848 and 12?
12
What is the greatest common divisor of 5896 and 11264?
88
Calculate the greatest common factor of 25920 and 15520.
160
Calculate the highest common divisor of 14 and 27433.
7
Calculate the greatest common factor of 6042 and 69218.
106
What is the highest common divisor of 5287947 and 87?
87
What is the greatest common divisor of 9 and 8